{"id":161,"date":"2020-02-17T14:59:59","date_gmt":"2020-02-17T14:59:59","guid":{"rendered":"https:\/\/fsg-polizei-noe.at\/inhalt\/about-us\/"},"modified":"2021-09-01T17:09:20","modified_gmt":"2021-09-01T15:09:20","slug":"links","status":"publish","type":"page","link":"https:\/\/fsg-polizei-noe.at\/inhalt\/links\/","title":{"rendered":"Links"},"content":{"rendered":"\t\t<div data-elementor-type=\"wp-page\" data-elementor-id=\"161\" class=\"elementor elementor-161\" data-elementor-settings=\"[]\">\n\t\t\t\t\t\t\t<div class=\"elementor-section-wrap\">\n\t\t\t\t\t\t\t<section class=\"elementor-section elementor-top-section elementor-element elementor-element-4c0a734 elementor-section-boxed elementor-section-height-default elementor-section-height-default\" data-id=\"4c0a734\" data-element_type=\"section\" data-settings=\"{&quot;background_background&quot;:&quot;classic&quot;}\">\n\t\t\t\t\t\t<div class=\"elementor-container elementor-column-gap-default\">\n\t\t\t\t\t<div class=\"elementor-column elementor-col-50 elementor-top-column elementor-element elementor-element-ada97bb\" data-id=\"ada97bb\" data-element_type=\"column\">\n\t\t\t<div class=\"elementor-widget-wrap elementor-element-populated\">\n\t\t\t\t\t\t\t\t<div class=\"elementor-element elementor-element-973deeb gyan-title-st-line-after gyan-title-desc-left elementor-widget elementor-widget-gyan_title\" data-id=\"973deeb\" data-element_type=\"widget\" data-widget_type=\"gyan_title.default\">\n\t\t\t\t<div class=\"elementor-widget-container\">\n\t\t\t\t\t<div class=\"gyan-title\">\r\n\t\t\t<div class=\"gyan-title-subtitle\"><span>FSG N\u00d6<\/span><\/div><h2 class=\"gyan-title-heading\">Links<\/h2><div class=\"gyan-title-desc\">Hier findet ihr Links zu diversen Themenbereichen, welche f\u00fcr euch hilfreich sein k\u00f6nnten.<\/div>\t\t<\/div>\r\n\t\t\t\t<\/div>\n\t\t\t\t<\/div>\n\t\t\t\t\t<\/div>\n\t\t<\/div>\n\t\t\t\t<div class=\"elementor-column elementor-col-50 elementor-top-column elementor-element elementor-element-0b908bd\" data-id=\"0b908bd\" data-element_type=\"column\">\n\t\t\t<div class=\"elementor-widget-wrap elementor-element-populated\">\n\t\t\t\t\t\t\t\t<div class=\"elementor-element elementor-element-c023cf0 elementor-widget elementor-widget-text-editor\" data-id=\"c023cf0\" data-element_type=\"widget\" data-widget_type=\"text-editor.default\">\n\t\t\t\t<div class=\"elementor-widget-container\">\n\t\t\t\t\t\t\t<ul>\n \t<li>News ORF.at \u2013 Die neuesten Informationen im In- und Ausland:\u00a0 <a href=\"http:\/\/news.orf.at\/\">http:\/\/news.orf.at\/<\/a><\/li>\n \t<li>Aktuelles Wetter und Vorhersagen f\u00fcr \u00d6sterreich: <a href=\"http:\/\/www.austrowetter.at\/\">http:\/\/www.austrowetter.at\/<\/a><\/li>\n \t<li>Routenplaner \u2013 Immer den richtigen Weg finden: <a href=\"http:\/\/maps.google.at\/\">http:\/\/maps.google.at\/<\/a><\/li>\n \t<li>FSG \u2013 Klub der Exekutive \u2013 Bezirk Gm\u00fcnd: <a href=\"http:\/\/fsg-gmuend.at\/\">http:\/\/fsg-gmuend.at\/<\/a><\/li>\n \t<li>Arbeiterkammer: <a  href=\"http:\/\/www.arbeiterkammer.at\/rechner.htm\">http:\/\/www.arbeiterkammer.at\/rechner.htm<\/a><\/li>\n \t<li>Telefonbuch \u2013 Herold: <a  href=\"http:\/\/www.herold.at\/telefonbuch\/\">http:\/\/www.herold.at\/telefonbuch\/<\/a><\/li>\n \t<li>Routenplaner \u2013 Herold: <a href=\"http:\/\/www.herold.at\/routenplaner\/\">http:\/\/www.herold.at\/routenplaner\/<\/a><\/li>\n \t<li>Fahrpreisauskunft f\u00fcr den \u00f6ffentlichen Verkehr: <a href=\"https:\/\/www.vor.at\/tickets\/preisauskunft\/\">https:\/\/www.vor.at\/tickets\/preisauskunft\/<\/a><\/li>\n \t<li>RIS \u2013 Rechtsinformationssystem: <a href=\"http:\/\/www.ris.bka.gv.at\/\">http:\/\/www.ris.bka.gv.at\/<\/a><\/li>\n \t<li>Amtshelfer f\u00fcr \u00d6sterreich: <a href=\"http:\/\/www.help.gv.at\/\">http:\/\/www.help.gv.at\/<\/a><\/li>\n \t<li>Wikipedia \u2013 Die freie Enzyklop\u00e4die: <a href=\"http:\/\/www.wikipedia.org\/\">http:\/\/www.wikipedia.org\/<\/a><\/li>\n \t<li>IPA \u2013 Sektion \u00d6sterreich: <a href=\"http:\/\/www.ipa.at\/cms\/\">http:\/\/www.ipa.at\/cms\/<\/a><\/li>\n \t<li>Zu den Seiten der Landespolizeidirektionen \u00d6sterreichs: <a href=\"http:\/\/www.polizei.gv.at\/\">http:\/\/www.polizei.gv.at\/<\/a><\/li>\n \t<li>Bundesministerium f\u00fcr Inneres: <a href=\"https:\/\/www.bmi.gv.at\/\">https:\/\/www.bmi.gv.at\/<\/a><\/li>\n \t<li>Das Waldviertel im Modell im Ma\u00dfstab 1:87: <a  href=\"http:\/\/waldviertel-im-modell.jimdo.com\/\">http:\/\/waldviertel-im-modell.jimdo.com\/<\/a><\/li>\n<\/ul>\t\t\t\t\t\t<\/div>\n\t\t\t\t<\/div>\n\t\t\t\t\t<\/div>\n\t\t<\/div>\n\t\t\t\t\t\t\t<\/div>\n\t\t<\/section>\n\t\t\t\t<section class=\"elementor-section elementor-top-section elementor-element elementor-element-c43b224 elementor-section-boxed elementor-section-height-default elementor-section-height-default\" data-id=\"c43b224\" data-element_type=\"section\">\n\t\t\t\t\t\t<div class=\"elementor-container elementor-column-gap-default\">\n\t\t\t\t\t<div class=\"elementor-column elementor-col-100 elementor-top-column elementor-element elementor-element-2dfe0ea\" data-id=\"2dfe0ea\" data-element_type=\"column\">\n\t\t\t<div class=\"elementor-widget-wrap elementor-element-populated\">\n\t\t\t\t\t\t\t\t<div class=\"elementor-element elementor-element-a3af420 elementor-widget elementor-widget-text-editor\" data-id=\"a3af420\" data-element_type=\"widget\" data-widget_type=\"text-editor.default\">\n\t\t\t\t<div class=\"elementor-widget-container\">\n\t\t\t\t\t\t\t\t\t\t\t\t\t<\/div>\n\t\t\t\t<\/div>\n\t\t\t\t\t<\/div>\n\t\t<\/div>\n\t\t\t\t\t\t\t<\/div>\n\t\t<\/section>\n\t\t\t\t<section class=\"elementor-section elementor-top-section elementor-element elementor-element-6a8c5d0 elementor-section-boxed elementor-section-height-default elementor-section-height-default\" data-id=\"6a8c5d0\" data-element_type=\"section\">\n\t\t\t\t\t\t<div class=\"elementor-container elementor-column-gap-default\">\n\t\t\t\t\t<div class=\"elementor-column elementor-col-100 elementor-top-column elementor-element elementor-element-ca25271\" data-id=\"ca25271\" data-element_type=\"column\">\n\t\t\t<div class=\"elementor-widget-wrap elementor-element-populated\">\n\t\t\t\t\t\t\t\t<div class=\"elementor-element elementor-element-2a6bba8 elementor-widget elementor-widget-text-editor\" data-id=\"2a6bba8\" data-element_type=\"widget\" data-widget_type=\"text-editor.default\">\n\t\t\t\t<div class=\"elementor-widget-container\">\n\t\t\t\t\t\t\t\t\t\t\t\t\t<\/div>\n\t\t\t\t<\/div>\n\t\t\t\t\t<\/div>\n\t\t<\/div>\n\t\t\t\t\t\t\t<\/div>\n\t\t<\/section>\n\t\t\t\t\t\t<\/div>\n\t\t\t\t\t<\/div>\n\t\t","protected":false},"excerpt":{"rendered":"<p>FSG N\u00d6 Links Hier findet ihr Links zu diversen Themenbereichen, welche f\u00fcr euch hilfreich sein k\u00f6nnten. News ORF.at \u2013 Die neuesten Informationen im In- und Ausland:\u00a0 http:\/\/news.orf.at\/ Aktuelles Wetter und Vorhersagen f\u00fcr \u00d6sterreich: http:\/\/www.austrowetter.at\/ Routenplaner \u2013 Immer den richtigen Weg finden: http:\/\/maps.google.at\/ FSG \u2013 Klub der Exekutive \u2013 Bezirk Gm\u00fcnd: [&hellip;]<\/p>\n","protected":false},"author":2,"featured_media":0,"parent":0,"menu_order":0,"comment_status":"closed","ping_status":"closed","template":"elementor_header_footer","meta":{"footnotes":""},"class_list":["post-161","page","type-page","status-publish","hentry"],"_links":{"self":[{"href":"https:\/\/fsg-polizei-noe.at\/inhalt\/wp-json\/wp\/v2\/pages\/161","targetHints":{"allow":["GET"]}}],"collection":[{"href":"https:\/\/fsg-polizei-noe.at\/inhalt\/wp-json\/wp\/v2\/pages"}],"about":[{"href":"https:\/\/fsg-polizei-noe.at\/inhalt\/wp-json\/wp\/v2\/types\/page"}],"author":[{"embeddable":true,"href":"https:\/\/fsg-polizei-noe.at\/inhalt\/wp-json\/wp\/v2\/users\/2"}],"replies":[{"embeddable":true,"href":"https:\/\/fsg-polizei-noe.at\/inhalt\/wp-json\/wp\/v2\/comments?post=161"}],"version-history":[{"count":70,"href":"https:\/\/fsg-polizei-noe.at\/inhalt\/wp-json\/wp\/v2\/pages\/161\/revisions"}],"predecessor-version":[{"id":3439,"href":"https:\/\/fsg-polizei-noe.at\/inhalt\/wp-json\/wp\/v2\/pages\/161\/revisions\/3439"}],"wp:attachment":[{"href":"https:\/\/fsg-polizei-noe.at\/inhalt\/wp-json\/wp\/v2\/media?parent=161"}],"curies":[{"name":"wp","href":"https:\/\/api.w.org\/{rel}","templated":true}]}}