{"id":3530,"date":"2021-09-01T21:00:54","date_gmt":"2021-09-01T19:00:54","guid":{"rendered":"https:\/\/fsg-polizei-noe.at\/inhalt\/?page_id=3530"},"modified":"2023-07-31T13:26:36","modified_gmt":"2023-07-31T11:26:36","slug":"aktionen","status":"publish","type":"page","link":"https:\/\/fsg-polizei-noe.at\/inhalt\/aktionen\/","title":{"rendered":"Aktionen"},"content":{"rendered":"\t\t<div data-elementor-type=\"wp-page\" data-elementor-id=\"3530\" class=\"elementor elementor-3530\" data-elementor-settings=\"[]\">\n\t\t\t\t\t\t\t<div class=\"elementor-section-wrap\">\n\t\t\t\t\t\t\t<section class=\"elementor-section elementor-top-section elementor-element elementor-element-6e515bed elementor-section-boxed elementor-section-height-default elementor-section-height-default\" data-id=\"6e515bed\" data-element_type=\"section\">\n\t\t\t\t\t\t<div class=\"elementor-container elementor-column-gap-default\">\n\t\t\t\t\t<div class=\"elementor-column elementor-col-100 elementor-top-column elementor-element elementor-element-7f9bbfff\" data-id=\"7f9bbfff\" data-element_type=\"column\">\n\t\t\t<div class=\"elementor-widget-wrap elementor-element-populated\">\n\t\t\t\t\t\t\t\t<div class=\"elementor-element elementor-element-6e819d74 elementor-widget elementor-widget-text-editor\" data-id=\"6e819d74\" data-element_type=\"widget\" data-widget_type=\"text-editor.default\">\n\t\t\t\t<div class=\"elementor-widget-container\">\n\t\t\t\t\t\t\t<p>FSG N\u00d6<\/p><h2>Aktionen<\/h2><p>Hier findest du aktuelle Aktionen<\/p><p><img loading=\"lazy\" decoding=\"async\" src=\"https:\/\/fsg-polizei-noe.at\/inhalt\/wp-content\/uploads\/2021\/08\/feichtinger.png\" alt=\"\" width=\"261\" height=\"118\" \/><\/p><p>F\u00fcr unsere Kollegen gibt es bei der Fa Schmuck Feichtinger Schmuckhandel und -Manufaktur\u00a0 tolle Angebote.<\/p><p>Der Gutschein ist ab sofort in allen 22 Filialen sowie im Onlineshop www.feichtinger-shop.com g\u00fcltig.<\/p><p>Partnerbetriebsportal: https:\/\/firmenservice.feichtinger.biz Ihre Zugangsdaten:<\/p><p>Partnerbetriebsnr.: 902166<\/p><p>Passwort: 93oki<\/p><p><img loading=\"lazy\" decoding=\"async\" src=\"https:\/\/fsg-polizei-noe.at\/inhalt\/wp-content\/uploads\/2021\/08\/magenta_telekom_logo_new.png\" alt=\"\" width=\"261\" height=\"109\" \/><\/p><p>Member-Konditionen werden in folgenden Tarifen vergeben: Mobile S, Mobile M, Mobile L, Mobile Gold, Mobile Platin Mobile Sim Only S, Mobile Sim Only M, Mobile Sim Only L, Mobile Sim Only Gold,\u00a0Mobile Sim Only Platin,\u00a0Internet Flex 50, Internet Flex 100, Internet Flex 250,\u00a0Internet Hybrid 50, Internet Hybrid 100<\/p><p>Euer Personalvertreter wird euch die aktuellen Folder umgehend zukommen lassen. (Diese Vorgehensweise erfolgt auf Ersuchen des Anbieters)<\/p><p>Bei Neuanmeldung ist ein Anmeldeformular beim Klub der Exekutive Tel. 531 26\/3479, 3273 oder per E-Mail bmi-za-polizei-fsg@bmi.gv.at oder bei euren FSG-Personalvertretern vor Ort anzufordern.<\/p><p>Durch Vorlage dieses Anmeldeformulars sind sie berechtigt bei jedem T-Mobile Partner eine Neuanmeldung zu den o.a. Superbedingungen vorzunehmen.<\/p><p>Anforderung des Member-Bonus f\u00fcr Bestandskunden: Sie haben bereits einen aktuell g\u00fcltigen Tarif f\u00fcr Member. Das Formular zur Anforderung der kostenlosen Zuteilung des Member-Bonus erhalten sie beim Klub der Exekutive (siehe oben) oder bei euren FSG-Personalvertretern vor Ort.<\/p>\t\t\t\t\t\t<\/div>\n\t\t\t\t<\/div>\n\t\t\t\t\t<\/div>\n\t\t<\/div>\n\t\t\t\t\t\t\t<\/div>\n\t\t<\/section>\n\t\t\t\t\t\t<\/div>\n\t\t\t\t\t<\/div>\n\t\t","protected":false},"excerpt":{"rendered":"<p>FSG N\u00d6 Aktionen Hier findest du aktuelle Aktionen F\u00fcr unsere Kollegen gibt es bei der Fa Schmuck Feichtinger Schmuckhandel und -Manufaktur\u00a0 tolle Angebote. Der Gutschein ist ab sofort in allen 22 Filialen sowie im Onlineshop www.feichtinger-shop.com g\u00fcltig. Partnerbetriebsportal: https:\/\/firmenservice.feichtinger.biz Ihre Zugangsdaten: Partnerbetriebsnr.: 902166 Passwort: 93oki Member-Konditionen werden in folgenden Tarifen [&hellip;]<\/p>\n","protected":false},"author":1,"featured_media":0,"parent":0,"menu_order":0,"comment_status":"closed","ping_status":"closed","template":"","meta":{"footnotes":""},"class_list":["post-3530","page","type-page","status-publish","hentry"],"_links":{"self":[{"href":"https:\/\/fsg-polizei-noe.at\/inhalt\/wp-json\/wp\/v2\/pages\/3530","targetHints":{"allow":["GET"]}}],"collection":[{"href":"https:\/\/fsg-polizei-noe.at\/inhalt\/wp-json\/wp\/v2\/pages"}],"about":[{"href":"https:\/\/fsg-polizei-noe.at\/inhalt\/wp-json\/wp\/v2\/types\/page"}],"author":[{"embeddable":true,"href":"https:\/\/fsg-polizei-noe.at\/inhalt\/wp-json\/wp\/v2\/users\/1"}],"replies":[{"embeddable":true,"href":"https:\/\/fsg-polizei-noe.at\/inhalt\/wp-json\/wp\/v2\/comments?post=3530"}],"version-history":[{"count":5,"href":"https:\/\/fsg-polizei-noe.at\/inhalt\/wp-json\/wp\/v2\/pages\/3530\/revisions"}],"predecessor-version":[{"id":5190,"href":"https:\/\/fsg-polizei-noe.at\/inhalt\/wp-json\/wp\/v2\/pages\/3530\/revisions\/5190"}],"wp:attachment":[{"href":"https:\/\/fsg-polizei-noe.at\/inhalt\/wp-json\/wp\/v2\/media?parent=3530"}],"curies":[{"name":"wp","href":"https:\/\/api.w.org\/{rel}","templated":true}]}}